{"id":234,"date":"2022-05-19T14:19:30","date_gmt":"2022-05-19T14:19:30","guid":{"rendered":"https:\/\/www.elalberomarbella.com\/?page_id=234"},"modified":"2022-07-05T10:08:36","modified_gmt":"2022-07-05T10:08:36","slug":"reservas","status":"publish","type":"page","link":"https:\/\/www.elalberomarbella.com\/index.php\/reservas\/","title":{"rendered":"RESERVAS"},"content":{"rendered":"\n<p>Ll\u00e1manos para reservar tu mesa al 615 077 895<\/p>\n\n\n\n<p>o por whatsapp pulsando aqui:<\/p>\n\n\n\n<div class=\"wp-block-buttons is-layout-flex wp-block-buttons-is-layout-flex\">\n<div class=\"wp-block-button\"><a class=\"wp-block-button__link\" href=\"\" target=\"_blank\" rel=\"noreferrer noopener\">RESERVA WHATSAPP<\/a><\/div>\n<\/div>\n\n\n\n<hr class=\"wp-block-separator\"\/>\n\n\n<p>Puedes contactar con nosotros tambi\u00e9n para hacer una reserva por email en<strong> bravourra@hotmail.com<\/strong> o para cualquier otra cuesti\u00f3n como men\u00fas de grupos o eventos<\/p>\n\n\n<hr class=\"wp-block-separator\"\/>\n\n\n\n<figure class=\"wp-block-image size-large\"><img loading=\"lazy\" decoding=\"async\" width=\"746\" height=\"1024\" src=\"https:\/\/www.elalberomarbella.com\/wp-content\/uploads\/2022\/05\/IMG_7845-746x1024.jpg\" alt=\"\" class=\"wp-image-235\" srcset=\"https:\/\/www.elalberomarbella.com\/wp-content\/uploads\/2022\/05\/IMG_7845-746x1024.jpg 746w, https:\/\/www.elalberomarbella.com\/wp-content\/uploads\/2022\/05\/IMG_7845-218x300.jpg 218w, https:\/\/www.elalberomarbella.com\/wp-content\/uploads\/2022\/05\/IMG_7845-768x1055.jpg 768w, https:\/\/www.elalberomarbella.com\/wp-content\/uploads\/2022\/05\/IMG_7845-1119x1536.jpg 1119w, https:\/\/www.elalberomarbella.com\/wp-content\/uploads\/2022\/05\/IMG_7845-1491x2048.jpg 1491w, https:\/\/www.elalberomarbella.com\/wp-content\/uploads\/2022\/05\/IMG_7845-scaled.jpg 1864w\" sizes=\"auto, (max-width: 746px) 100vw, 746px\" \/><\/figure>\n","protected":false},"excerpt":{"rendered":"<p>Ll\u00e1manos para reservar tu mesa al 615 077 895 o por whatsapp pulsando aqui: Puedes contactar con nosotros tambi\u00e9n para hacer una reserva por email en bravourra@hotmail.com o para cualquier otra cuesti\u00f3n como men\u00fas de grupos o eventos<\/p>\n","protected":false},"author":1,"featured_media":0,"parent":0,"menu_order":0,"comment_status":"closed","ping_status":"closed","template":"","meta":{"footnotes":""},"class_list":["post-234","page","type-page","status-publish","hentry"],"_links":{"self":[{"href":"https:\/\/www.elalberomarbella.com\/index.php\/wp-json\/wp\/v2\/pages\/234","targetHints":{"allow":["GET"]}}],"collection":[{"href":"https:\/\/www.elalberomarbella.com\/index.php\/wp-json\/wp\/v2\/pages"}],"about":[{"href":"https:\/\/www.elalberomarbella.com\/index.php\/wp-json\/wp\/v2\/types\/page"}],"author":[{"embeddable":true,"href":"https:\/\/www.elalberomarbella.com\/index.php\/wp-json\/wp\/v2\/users\/1"}],"replies":[{"embeddable":true,"href":"https:\/\/www.elalberomarbella.com\/index.php\/wp-json\/wp\/v2\/comments?post=234"}],"version-history":[{"count":4,"href":"https:\/\/www.elalberomarbella.com\/index.php\/wp-json\/wp\/v2\/pages\/234\/revisions"}],"predecessor-version":[{"id":323,"href":"https:\/\/www.elalberomarbella.com\/index.php\/wp-json\/wp\/v2\/pages\/234\/revisions\/323"}],"wp:attachment":[{"href":"https:\/\/www.elalberomarbella.com\/index.php\/wp-json\/wp\/v2\/media?parent=234"}],"curies":[{"name":"wp","href":"https:\/\/api.w.org\/{rel}","templated":true}]}}

<p>Llámanos para reservar tu mesa al 615 077 895</p>



<p>o por whatsapp pulsando aqui:</p>



<div class="wp-block-buttons is-layout-flex wp-block-buttons-is-layout-flex">
<div class="wp-block-button"><a class="wp-block-button__link" href="" target="_blank" rel="noreferrer noopener">RESERVA WHATSAPP</a></div>
</div>



<hr class="wp-block-separator"/>


<p>Puedes contactar con nosotros también para hacer una reserva por email en<strong> bravourra@hotmail.com</strong> o para cualquier otra cuestión como menús de grupos o eventos</p>


<hr class="wp-block-separator"/>



<figure class="wp-block-image size-large"><img loading="lazy" decoding="async" width="746" height="1024" src="https://www.elalberomarbella.com/wp-content/uploads/2022/05/IMG_7845-746x1024.jpg" alt="" class="wp-image-235" srcset="https://www.elalberomarbella.com/wp-content/uploads/2022/05/IMG_7845-746x1024.jpg 746w, https://www.elalberomarbella.com/wp-content/uploads/2022/05/IMG_7845-218x300.jpg 218w, https://www.elalberomarbella.com/wp-content/uploads/2022/05/IMG_7845-768x1055.jpg 768w, https://www.elalberomarbella.com/wp-content/uploads/2022/05/IMG_7845-1119x1536.jpg 1119w, https://www.elalberomarbella.com/wp-content/uploads/2022/05/IMG_7845-1491x2048.jpg 1491w, https://www.elalberomarbella.com/wp-content/uploads/2022/05/IMG_7845-scaled.jpg 1864w" sizes="auto, (max-width: 746px) 100vw, 746px" /></figure>

<p>Llámanos para reservar tu mesa al 615 077 895 o por whatsapp pulsando aqui: Puedes contactar con nosotros también para hacer una reserva por email en bravourra@hotmail.com o para cualquier otra cuestión como menús de grupos o eventos</p>
